{"id":176,"date":"2026-04-21T08:30:42","date_gmt":"2026-04-21T08:30:42","guid":{"rendered":"https:\/\/dev.mediadome.at\/grebenzenhaus\/?page_id=176"},"modified":"2026-04-21T08:34:14","modified_gmt":"2026-04-21T08:34:14","slug":"datenschutzerklaerung","status":"publish","type":"page","link":"https:\/\/dev.mediadome.at\/grebenzenhaus\/?page_id=176","title":{"rendered":"Datenschutzerkl\u00e4rung"},"content":{"rendered":"\t\t<div data-elementor-type=\"wp-page\" data-elementor-id=\"176\" class=\"elementor elementor-176\" data-elementor-post-type=\"page\">\n\t\t\t\t<div class=\"elementor-element elementor-element-b00bd05 e-flex e-con-boxed e-con e-parent\" data-id=\"b00bd05\" data-element_type=\"container\" data-e-type=\"container\">\n\t\t\t\t\t<div class=\"e-con-inner\">\n\t\t\t\t<div class=\"elementor-element elementor-element-561db81 elementor-widget elementor-widget-heading\" data-id=\"561db81\" data-element_type=\"widget\" data-e-type=\"widget\" data-widget_type=\"heading.default\">\n\t\t\t\t\t<h2 class=\"elementor-heading-title elementor-size-default\">Datenschutzerkl\u00e4rung<\/h2>\t\t\t\t<\/div>\n\t\t\t\t<div class=\"elementor-element elementor-element-aae1d5b elementor-widget elementor-widget-text-editor\" data-id=\"aae1d5b\" data-element_type=\"widget\" data-e-type=\"widget\" data-widget_type=\"text-editor.default\">\n\t\t\t\t\t\t\t\t\t<p>Der Schutz Ihrer pers\u00f6nlichen Daten ist uns ein besonderes Anliegen. Wir verarbeiten Ihre Daten daher ausschlie\u00dflich auf Grundlage der gesetzlichen Bestimmungen (DSGVO, TKG 2003). In diesen Datenschutzinformationen informieren wir Sie \u00fcber die wichtigsten Aspekte der Datenverarbeitung im Rahmen unserer Website.<\/p><p><strong>Besuch unserer Webseite<\/strong><\/p><p>Wenn Sie unsere Webseite besuchen, speichern und verarbeiten unsere Webserver tempor\u00e4r folgende Daten:<\/p><ul><li>IP-Adresse des anfragenden Rechners<\/li><li>Datum und Uhrzeit des Zugriffs<\/li><li>Name und URL der abgerufenen Datei<\/li><li>\u00dcbertragene Datenmenge<\/li><li>Meldung, ob der Abruf erfolgreich war (HTTP Statuscode)<\/li><li>Erkennungsdaten des verwendeten Browser- und Betriebsystems<\/li><li>Webseite, von der aus der Zugriff erfolgt]<\/li><\/ul><p>Diese Daten k\u00f6nnen wir Ihrer Person nicht zuordnen. Die Rechtsgrundlage f\u00fcr die Speicherung dieser Daten ist unser berechtigtes Interesse, da diese insbesondere der Systemsicherheit dienen (Art 6 Abs 1 lit f DSG-VO).<\/p><p>Die Verarbeitung der erfassten Daten erfolgt zum Zweck, die Nutzung der Webseite zu erm\u00f6glichen (Verbindungsaufbau), der Systemsicherheit, der technischen Administration der Netzinfrastruktur sowie zum Zweck anonymisierter, statistischer Auswertung der Nutzung und zur Optimierung unseres Internetangebots. In diesem Zusammenhang weisen wir darauf hin, dass eine Auswertung der IP-Adresse nur bei Angriffen auf unsere Netzinfrastruktur erfolgt.<\/p><p>Daten, die beim Zugriff auf unser Online-Angebot gespeichert worden sind, werden ohne Ihre Einwilligung an Dritte nur \u00fcbermittelt, soweit wir gesetzlich oder durch Gerichtsentscheidung dazu verpflichtet sind oder die Weitergabe im Falle von Angriffen auf unsere Internetinfrastruktur zur Rechts- oder Strafverfolgung erforderlich ist. Eine Weitergabe zu anderen nichtkommerziellen oder zu kommerziellen Zwecken erfolgt nicht.<\/p><p><strong>Kontakt mit uns<\/strong><\/p><p>Wenn Sie per Formular auf der Website oder per E-Mail Kontakt mit uns aufnehmen, werden Ihre angegebenen Daten zwecks Bearbeitung der Anfrage und f\u00fcr den Fall von Anschlussfragen sechs Monate bei uns gespeichert. Diese Daten geben wir nicht ohne Ihre Einwilligung weiter.<\/p><p><strong>Cookies<\/strong><\/p><p>Unsere Website verwendet so genannte Cookies. Dabei handelt es sich um kleine Textdateien, die mit Hilfe des Browsers auf Ihrem Endger\u00e4t abgelegt werden. Sie richten keinen Schaden an. Wir nutzen Cookies dazu, unser Angebot nutzerfreundlich zu gestalten. Einige Cookies bleiben auf Ihrem Endger\u00e4t gespeichert, bis Sie diese l\u00f6schen. Sie erm\u00f6glichen es uns, Ihren Browser beim n\u00e4chsten Besuch wiederzuerkennen. Wenn Sie dies nicht w\u00fcnschen, so k\u00f6nnen Sie Ihren Browser so einrichten, dass er Sie \u00fcber das Setzen von Cookies informiert und Sie dies nur im Einzelfall erlauben. Bei der Deaktivierung von Cookies kann die Funktionalit\u00e4t unserer Website eingeschr\u00e4nkt sein.<\/p><p><strong>Google Analytics<\/strong><\/p><p>Wir setzen Google Analytics, einen Webanalysedienst\u00a0der Google Inc., 1600 Amphitheatre Parkway, Mountain View, CA 94043, USA (\u201eGoogle\u201c). Die durch das Cookie erzeugten Informationen \u00fcber die Benutzung des Onlineangebotes durch die Nutzer werden in der Regel an einen Server von Google in den USA \u00fcbertragen und dort gespeichert. Google wird diese Informationen in unserem Auftrag benutzen, um die Nutzung unseres Onlineangebotes durch die Nutzer auszuwerten, um Reports \u00fcber die Aktivit\u00e4ten innerhalb dieses Onlineangebotes zusammenzustellen und um weitere mit der Nutzung dieses Onlineangebotes und der Internetnutzung verbundene Dienstleistungen uns gegen\u00fcber zu erbringen. Dabei k\u00f6nnen aus den verarbeiteten Daten pseudonyme Nutzungsprofile der Nutzer erstellt werden.<\/p><p>Wir setzen Google Analytics nur mit aktivierter IP-Anonymisierung ein. Das bedeutet, die IP-Adresse der Nutzer wird von Google innerhalb von Mitgliedstaaten der Europ\u00e4ischen Union oder in anderen Vertragsstaaten des Abkommens \u00fcber den Europ\u00e4ischen Wirtschaftsraum gek\u00fcrzt. Nur in Ausnahmef\u00e4llen wird die volle IP-Adresse an einen Server von Google in den USA \u00fcbertragen und dort gek\u00fcrzt. Die von dem Browser des Nutzers \u00fcbermittelte IP-Adresse wird nicht mit anderen Daten von Google zusammengef\u00fchrt.<br \/>Die Nutzer k\u00f6nnen die Speicherung der Cookies durch eine entsprechende Einstellung ihrer Browser-Software verhindern; die Nutzer k\u00f6nnen dar\u00fcber hinaus die Erfassung der durch das Cookie erzeugten und auf ihre Nutzung des Onlineangebotes bezogenen Daten an Google sowie die Verarbeitung dieser Daten durch Google verhindern, indem sie das unter dem folgenden Link verf\u00fcgbare Browser-Plugin herunterladen und installieren: http:\/\/tools.google.com\/dlpage\/gaoptout?hl=de.<\/p><p>Weitere Informationen zur Datennutzung durch Google, Einstellungs- und Widerspruchsm\u00f6glichkeiten erfahren Sie auf den Webseiten von Google: https:\/\/www.google.com\/intl\/de\/policies\/privacy\/partners\/ (\u201eDatennutzung durch Google bei Ihrer Nutzung von Websites oder Apps unserer Partner\u201c).<\/p><p>\u00a0<\/p><p><strong>Ihre Rechte<\/strong><\/p><p>Ihnen stehen bez\u00fcglich Ihrer bei uns gespeicherten Daten\u00a0grunds\u00e4tzlich die Rechte auf Auskunft, Berichtigung, L\u00f6schung, Einschr\u00e4nkung, Daten\u00fcbertragbarkeit, Widerruf und Widerspruch zu. Wenn Sie glauben, dass die Verarbeitung Ihrer Daten gegen das Datenschutzrecht verst\u00f6\u00dft oder Ihre datenschutzrechtlichen Anspr\u00fcche sonst in einer Weise verletzt worden sind, k\u00f6nnen Sie sich bei der\u00a0uns unter\u00a0<a href=\"maito: info@grebenzenhaus.a\">info@grebenzenhaus.a<\/a>t oder der Datenschutzbeh\u00f6rde beschweren.<\/p><p>Wir m\u00f6chten Sie au\u00dferdem noch auf nachstehende Rechte hinweisen, die Ihnen als Betroffenem nach der DSG-VO bez\u00fcglich Ihrer personenbezogenen Daten zustehen:<\/p><ul><li>Recht auf Auskunft seitens des Verantwortlichen \u00fcber die Sie betreffenden personenbezogenen Daten nach Art 15 DSG-VO<\/li><li>Recht auf Berichtigung nach Art 16 DSG-VO<\/li><li>Recht auf L\u00f6schung nach Art 17 DSG-VO<\/li><li>Recht auf Einschr\u00e4nkung der Verarbeitung nach Art 18 DSG-VO<\/li><li>Recht auf Daten\u00fcbertragbarkeit nach Art 20 DSG-VO<\/li><li>Recht auf Widerspruch gegen die Verarbeitung nach Art 21 DSG-VO<\/li><\/ul><p>Des Weiteren haben Sie auch das Recht, Beschwerde bei der Datenschutzbeh\u00f6rde zu erheben. Diesbez\u00fcglich verweisen wir auch auf die unter dem Link https:\/\/www.dsb.gv.at\/ abrufbare Homepage der Datenschutzbeh\u00f6rde.<\/p><p><strong>Links zu anderen Anbietern<\/strong><\/p><p>Unsere Webseiten k\u00f6nnen Links zu anderen Anbietern und Links zu unseren Social Media-Angeboten enthalten. Diese Datenschutzinformation gilt f\u00fcr Webseiten und Dienste, die uns geh\u00f6ren und von uns betrieben werden. Wir haben keinen Einfluss auf externe Links, die von unseren Diensten ausgehen. Wir tragen keine Verantwortung daf\u00fcr, ob diese Anbieter oder die Betreiber der Social Media Plattformen die gesetzlichen Datenschutzbestimmungen einhalten.<\/p><p><strong>Sie erreichen uns unter folgenden Kontaktdaten<\/strong><\/p><p>Alois Grasser<br \/>Schwarzenbach 10<br \/>8813 St. Lambrecht<br \/>+43 664 19 38 429<br \/>info@grebenzenhaus.at<\/p>\t\t\t\t\t\t\t\t<\/div>\n\t\t\t\t\t<\/div>\n\t\t\t\t<\/div>\n\t\t\t\t<\/div>\n\t\t","protected":false},"excerpt":{"rendered":"<p>Datenschutzerkl\u00e4rung Der Schutz Ihrer pers\u00f6nlichen Daten ist uns ein besonderes Anliegen. Wir verarbeiten Ihre Daten daher ausschlie\u00dflich auf Grundlage der gesetzlichen Bestimmungen (DSGVO, TKG 2003). In diesen Datenschutzinformationen informieren wir Sie \u00fcber die wichtigsten Aspekte der Datenverarbeitung im Rahmen unserer Website. Besuch unserer Webseite Wenn Sie unsere Webseite besuchen, speichern und verarbeiten unsere Webserver tempor\u00e4r [&hellip;]<\/p>\n","protected":false},"author":1,"featured_media":0,"parent":0,"menu_order":0,"comment_status":"closed","ping_status":"closed","template":"","meta":{"footnotes":""},"class_list":["post-176","page","type-page","status-publish","hentry"],"_links":{"self":[{"href":"https:\/\/dev.mediadome.at\/grebenzenhaus\/index.php?rest_route=\/wp\/v2\/pages\/176","targetHints":{"allow":["GET"]}}],"collection":[{"href":"https:\/\/dev.mediadome.at\/grebenzenhaus\/index.php?rest_route=\/wp\/v2\/pages"}],"about":[{"href":"https:\/\/dev.mediadome.at\/grebenzenhaus\/index.php?rest_route=\/wp\/v2\/types\/page"}],"author":[{"embeddable":true,"href":"https:\/\/dev.mediadome.at\/grebenzenhaus\/index.php?rest_route=\/wp\/v2\/users\/1"}],"replies":[{"embeddable":true,"href":"https:\/\/dev.mediadome.at\/grebenzenhaus\/index.php?rest_route=%2Fwp%2Fv2%2Fcomments&post=176"}],"version-history":[{"count":7,"href":"https:\/\/dev.mediadome.at\/grebenzenhaus\/index.php?rest_route=\/wp\/v2\/pages\/176\/revisions"}],"predecessor-version":[{"id":183,"href":"https:\/\/dev.mediadome.at\/grebenzenhaus\/index.php?rest_route=\/wp\/v2\/pages\/176\/revisions\/183"}],"wp:attachment":[{"href":"https:\/\/dev.mediadome.at\/grebenzenhaus\/index.php?rest_route=%2Fwp%2Fv2%2Fmedia&parent=176"}],"curies":[{"name":"wp","href":"https:\/\/api.w.org\/{rel}","templated":true}]}}